{"id":550,"date":"2024-11-14T15:17:55","date_gmt":"2024-11-14T14:17:55","guid":{"rendered":"https:\/\/www.therapiefamiliale-systemique.fr\/?page_id=550"},"modified":"2025-10-29T13:35:38","modified_gmt":"2025-10-29T12:35:38","slug":"therapie-familiale-et-systemique-a-perpignan-laurence-ravasini","status":"publish","type":"page","link":"https:\/\/www.therapiefamiliale-systemique.fr\/","title":{"rendered":"Accueil"},"content":{"rendered":"\n<div class=\"wp-block-columns is-layout-flex wp-container-core-columns-is-layout-9d6595d7 wp-block-columns-is-layout-flex\">\n<div class=\"wp-block-column is-layout-flow wp-block-column-is-layout-flow\" style=\"flex-basis:100%\">\n<div class=\"wp-block-group\"><div class=\"wp-block-group__inner-container is-layout-constrained wp-block-group-is-layout-constrained\">\n<div class=\"wp-block-columns is-layout-flex wp-container-core-columns-is-layout-9d6595d7 wp-block-columns-is-layout-flex\">\n<div class=\"wp-block-column is-layout-flow wp-block-column-is-layout-flow\">\n<figure class=\"wp-block-image size-large\"><a href=\"https:\/\/www.therapiefamiliale-systemique.fr\/index.php\/therapie-familiale-et-du-couple\/\"><img loading=\"lazy\" decoding=\"async\" width=\"1024\" height=\"682\" src=\"https:\/\/www.therapiefamiliale-systemique.fr\/wp-content\/uploads\/2019\/04\/Therapie-1024x682.jpeg\" alt=\"Th\u00e9rapie\" class=\"wp-image-537\" srcset=\"https:\/\/www.therapiefamiliale-systemique.fr\/wp-content\/uploads\/2019\/04\/Therapie-1024x682.jpeg 1024w, https:\/\/www.therapiefamiliale-systemique.fr\/wp-content\/uploads\/2019\/04\/Therapie-300x200.jpeg 300w, https:\/\/www.therapiefamiliale-systemique.fr\/wp-content\/uploads\/2019\/04\/Therapie-768x512.jpeg 768w, https:\/\/www.therapiefamiliale-systemique.fr\/wp-content\/uploads\/2019\/04\/Therapie-370x247.jpeg 370w, https:\/\/www.therapiefamiliale-systemique.fr\/wp-content\/uploads\/2019\/04\/Therapie-776x517.jpeg 776w, https:\/\/www.therapiefamiliale-systemique.fr\/wp-content\/uploads\/2019\/04\/Therapie.jpeg 1280w\" sizes=\"auto, (max-width: 1024px) 100vw, 1024px\" \/><\/a><\/figure>\n\n\n\n<h4 class=\"wp-block-heading has-text-align-center\"><a href=\"https:\/\/www.therapiefamiliale-systemique.fr\/index.php\/therapie-familiale-et-du-couple\/\">Th\u00e9rapie<\/a><\/h4>\n\n\n\n<p>La th\u00e9rapie familiale et de couple se concentre sur la r\u00e9solution des difficult\u00e9s relationnelles en examinant les interactions et les dynamiques au sein du groupe. Elle vise \u00e0 am\u00e9liorer la communication, r\u00e9soudre les conflits et renforcer les liens gr\u00e2ce \u00e0 des techniques sp\u00e9cifiques comme la circularit\u00e9, le recadrage ou encore le psychodrame.<\/p>\n<\/div>\n\n\n\n<div class=\"wp-block-column is-layout-flow wp-block-column-is-layout-flow\">\n<figure class=\"wp-block-image size-large\"><a href=\"https:\/\/www.therapiefamiliale-systemique.fr\/index.php\/intervention-systemique\/\"><img loading=\"lazy\" decoding=\"async\" width=\"1024\" height=\"682\" src=\"https:\/\/www.therapiefamiliale-systemique.fr\/wp-content\/uploads\/2019\/04\/ApprocheSystemique-1024x682.jpeg\" alt=\"ApprocheSystemique\" class=\"wp-image-535\" srcset=\"https:\/\/www.therapiefamiliale-systemique.fr\/wp-content\/uploads\/2019\/04\/ApprocheSystemique-1024x682.jpeg 1024w, https:\/\/www.therapiefamiliale-systemique.fr\/wp-content\/uploads\/2019\/04\/ApprocheSystemique-300x200.jpeg 300w, https:\/\/www.therapiefamiliale-systemique.fr\/wp-content\/uploads\/2019\/04\/ApprocheSystemique-768x512.jpeg 768w, https:\/\/www.therapiefamiliale-systemique.fr\/wp-content\/uploads\/2019\/04\/ApprocheSystemique-370x247.jpeg 370w, https:\/\/www.therapiefamiliale-systemique.fr\/wp-content\/uploads\/2019\/04\/ApprocheSystemique-776x517.jpeg 776w, https:\/\/www.therapiefamiliale-systemique.fr\/wp-content\/uploads\/2019\/04\/ApprocheSystemique.jpeg 1280w\" sizes=\"auto, (max-width: 1024px) 100vw, 1024px\" \/><\/a><\/figure>\n\n\n\n<h4 class=\"wp-block-heading has-text-align-center\"><a href=\"https:\/\/www.therapiefamiliale-systemique.fr\/index.php\/intervention-systemique\/\">Approche syst\u00e9mique<\/a><\/h4>\n\n\n\n<p>L\u2019intervention syst\u00e9mique en milieu professionnel permet d\u2019analyser les pratiques en tenant compte des dynamiques relationnelles au sein des \u00e9quipes. Elle favorise l\u2019am\u00e9lioration de la communication, la coop\u00e9ration, la gestion des conflits et la coh\u00e9sion. Cette approche globale aide les organisations \u00e0 renforcer les interactions et \u00e0 am\u00e9liorer leur performance collective.<\/p>\n<\/div>\n\n\n\n<div class=\"wp-block-column is-layout-flow wp-block-column-is-layout-flow\">\n<figure class=\"wp-block-image size-large\"><a href=\"https:\/\/www.therapiefamiliale-systemique.fr\/index.php\/formation\/\"><img loading=\"lazy\" decoding=\"async\" width=\"1024\" height=\"680\" src=\"https:\/\/www.therapiefamiliale-systemique.fr\/wp-content\/uploads\/2019\/04\/Formation-1024x680.jpeg\" alt=\"Formation\" class=\"wp-image-536\" srcset=\"https:\/\/www.therapiefamiliale-systemique.fr\/wp-content\/uploads\/2019\/04\/Formation-1024x680.jpeg 1024w, https:\/\/www.therapiefamiliale-systemique.fr\/wp-content\/uploads\/2019\/04\/Formation-300x199.jpeg 300w, https:\/\/www.therapiefamiliale-systemique.fr\/wp-content\/uploads\/2019\/04\/Formation-768x510.jpeg 768w, https:\/\/www.therapiefamiliale-systemique.fr\/wp-content\/uploads\/2019\/04\/Formation-370x247.jpeg 370w, https:\/\/www.therapiefamiliale-systemique.fr\/wp-content\/uploads\/2019\/04\/Formation.jpeg 1280w\" sizes=\"auto, (max-width: 1024px) 100vw, 1024px\" \/><\/a><\/figure>\n\n\n\n<h4 class=\"wp-block-heading has-text-align-center\"><a href=\"https:\/\/www.therapiefamiliale-systemique.fr\/index.php\/formation\/\">Formation<\/a><\/h4>\n\n\n\n<p>Les formations propos\u00e9es permettent de d\u00e9velopper des comp\u00e9tences en approche syst\u00e9mique pour comprendre et g\u00e9rer les relations humaines dans divers contextes professionnels. Destin\u00e9es aux th\u00e9rapeutes, \u00e9ducateurs, managers et autres professionnels, elles couvrent des modules pratiques sur les dynamiques relationnelles, la communication et la gestion des conflits, et s\u2019adaptent aux besoins sp\u00e9cifiques des participants.<\/p>\n<\/div>\n<\/div>\n<\/div><\/div>\n<\/div>\n<\/div>\n\n\n\n<p><\/p>\n","protected":false},"excerpt":{"rendered":"<p>Th\u00e9rapie La th\u00e9rapie familiale et de couple se concentre sur la r\u00e9solution des difficult\u00e9s relationnelles en examinant les interactions et les dynamiques au sein du groupe. Elle vise \u00e0 am\u00e9liorer &hellip; <\/p>\n","protected":false},"author":1,"featured_media":538,"parent":0,"menu_order":0,"comment_status":"closed","ping_status":"closed","template":"","meta":{"footnotes":""},"class_list":["post-550","page","type-page","status-publish","has-post-thumbnail","hentry"],"yoast_head":"<!-- This site is optimized with the Yoast SEO plugin v26.2 - https:\/\/yoast.com\/wordpress\/plugins\/seo\/ -->\n<title>Accueil - Laurence RAVASINI<\/title>\n<meta name=\"description\" content=\"Th\u00e9rapie familiale, de couple et intervention syst\u00e9mique \u00e0 Perpignan. Laurence Ravasini accompagne familles, institutions et professionnels.\" \/>\n<meta name=\"robots\" content=\"index, follow, max-snippet:-1, max-image-preview:large, max-video-preview:-1\" \/>\n<link rel=\"canonical\" href=\"https:\/\/www.therapiefamiliale-systemique.fr\/\" \/>\n<meta property=\"og:locale\" content=\"fr_FR\" \/>\n<meta property=\"og:type\" content=\"article\" \/>\n<meta property=\"og:title\" content=\"Accueil - Laurence RAVASINI\" \/>\n<meta property=\"og:description\" content=\"Th\u00e9rapie familiale, de couple et intervention syst\u00e9mique \u00e0 Perpignan. Laurence Ravasini accompagne familles, institutions et professionnels.\" \/>\n<meta property=\"og:url\" content=\"https:\/\/www.therapiefamiliale-systemique.fr\/\" \/>\n<meta property=\"og:site_name\" content=\"Laurence RAVASINI\" \/>\n<meta property=\"article:modified_time\" content=\"2025-10-29T12:35:38+00:00\" \/>\n<meta property=\"og:image\" content=\"https:\/\/www.therapiefamiliale-systemique.fr\/wp-content\/uploads\/2024\/11\/labyrinthe.jpeg\" \/>\n\t<meta property=\"og:image:width\" content=\"1600\" \/>\n\t<meta property=\"og:image:height\" content=\"914\" \/>\n\t<meta property=\"og:image:type\" content=\"image\/jpeg\" \/>\n<meta name=\"twitter:card\" content=\"summary_large_image\" \/>\n<meta name=\"twitter:label1\" content=\"Dur\u00e9e de lecture estim\u00e9e\" \/>\n\t<meta name=\"twitter:data1\" content=\"2 minutes\" \/>\n<script type=\"application\/ld+json\" class=\"yoast-schema-graph\">{\"@context\":\"https:\/\/schema.org\",\"@graph\":[{\"@type\":\"WebPage\",\"@id\":\"https:\/\/www.therapiefamiliale-systemique.fr\/\",\"url\":\"https:\/\/www.therapiefamiliale-systemique.fr\/\",\"name\":\"Accueil - Laurence RAVASINI\",\"isPartOf\":{\"@id\":\"https:\/\/www.therapiefamiliale-systemique.fr\/#website\"},\"primaryImageOfPage\":{\"@id\":\"https:\/\/www.therapiefamiliale-systemique.fr\/#primaryimage\"},\"image\":{\"@id\":\"https:\/\/www.therapiefamiliale-systemique.fr\/#primaryimage\"},\"thumbnailUrl\":\"https:\/\/www.therapiefamiliale-systemique.fr\/wp-content\/uploads\/2024\/11\/labyrinthe.jpeg\",\"datePublished\":\"2024-11-14T14:17:55+00:00\",\"dateModified\":\"2025-10-29T12:35:38+00:00\",\"description\":\"Th\u00e9rapie familiale, de couple et intervention syst\u00e9mique \u00e0 Perpignan. Laurence Ravasini accompagne familles, institutions et professionnels.\",\"breadcrumb\":{\"@id\":\"https:\/\/www.therapiefamiliale-systemique.fr\/#breadcrumb\"},\"inLanguage\":\"fr-FR\",\"potentialAction\":[{\"@type\":\"ReadAction\",\"target\":[\"https:\/\/www.therapiefamiliale-systemique.fr\/\"]}]},{\"@type\":\"ImageObject\",\"inLanguage\":\"fr-FR\",\"@id\":\"https:\/\/www.therapiefamiliale-systemique.fr\/#primaryimage\",\"url\":\"https:\/\/www.therapiefamiliale-systemique.fr\/wp-content\/uploads\/2024\/11\/labyrinthe.jpeg\",\"contentUrl\":\"https:\/\/www.therapiefamiliale-systemique.fr\/wp-content\/uploads\/2024\/11\/labyrinthe.jpeg\",\"width\":1600,\"height\":914,\"caption\":\"Labyrinthe\"},{\"@type\":\"BreadcrumbList\",\"@id\":\"https:\/\/www.therapiefamiliale-systemique.fr\/#breadcrumb\",\"itemListElement\":[{\"@type\":\"ListItem\",\"position\":1,\"name\":\"Accueil\",\"item\":\"https:\/\/www.therapiefamiliale-systemique.fr\/\"},{\"@type\":\"ListItem\",\"position\":2,\"name\":\"Accueil\"}]},{\"@type\":\"WebSite\",\"@id\":\"https:\/\/www.therapiefamiliale-systemique.fr\/#website\",\"url\":\"https:\/\/www.therapiefamiliale-systemique.fr\/\",\"name\":\"Laurence RAVASINI\",\"description\":\"Th\u00e9rapeute familiale et du couple\",\"publisher\":{\"@id\":\"https:\/\/www.therapiefamiliale-systemique.fr\/#organization\"},\"potentialAction\":[{\"@type\":\"SearchAction\",\"target\":{\"@type\":\"EntryPoint\",\"urlTemplate\":\"https:\/\/www.therapiefamiliale-systemique.fr\/?s={search_term_string}\"},\"query-input\":{\"@type\":\"PropertyValueSpecification\",\"valueRequired\":true,\"valueName\":\"search_term_string\"}}],\"inLanguage\":\"fr-FR\"},{\"@type\":\"Organization\",\"@id\":\"https:\/\/www.therapiefamiliale-systemique.fr\/#organization\",\"name\":\"Laurence RAVASINI\",\"url\":\"https:\/\/www.therapiefamiliale-systemique.fr\/\",\"logo\":{\"@type\":\"ImageObject\",\"inLanguage\":\"fr-FR\",\"@id\":\"https:\/\/www.therapiefamiliale-systemique.fr\/#\/schema\/logo\/image\/\",\"url\":\"https:\/\/www.therapiefamiliale-systemique.fr\/wp-content\/uploads\/2024\/10\/logo_180x180.png\",\"contentUrl\":\"https:\/\/www.therapiefamiliale-systemique.fr\/wp-content\/uploads\/2024\/10\/logo_180x180.png\",\"width\":180,\"height\":181,\"caption\":\"Laurence RAVASINI\"},\"image\":{\"@id\":\"https:\/\/www.therapiefamiliale-systemique.fr\/#\/schema\/logo\/image\/\"}}]}<\/script>\n<!-- \/ Yoast SEO plugin. -->","yoast_head_json":{"title":"Accueil - Laurence RAVASINI","description":"Th\u00e9rapie familiale, de couple et intervention syst\u00e9mique \u00e0 Perpignan. Laurence Ravasini accompagne familles, institutions et professionnels.","robots":{"index":"index","follow":"follow","max-snippet":"max-snippet:-1","max-image-preview":"max-image-preview:large","max-video-preview":"max-video-preview:-1"},"canonical":"https:\/\/www.therapiefamiliale-systemique.fr\/","og_locale":"fr_FR","og_type":"article","og_title":"Accueil - Laurence RAVASINI","og_description":"Th\u00e9rapie familiale, de couple et intervention syst\u00e9mique \u00e0 Perpignan. Laurence Ravasini accompagne familles, institutions et professionnels.","og_url":"https:\/\/www.therapiefamiliale-systemique.fr\/","og_site_name":"Laurence RAVASINI","article_modified_time":"2025-10-29T12:35:38+00:00","og_image":[{"width":1600,"height":914,"url":"https:\/\/www.therapiefamiliale-systemique.fr\/wp-content\/uploads\/2024\/11\/labyrinthe.jpeg","type":"image\/jpeg"}],"twitter_card":"summary_large_image","twitter_misc":{"Dur\u00e9e de lecture estim\u00e9e":"2 minutes"},"schema":{"@context":"https:\/\/schema.org","@graph":[{"@type":"WebPage","@id":"https:\/\/www.therapiefamiliale-systemique.fr\/","url":"https:\/\/www.therapiefamiliale-systemique.fr\/","name":"Accueil - Laurence RAVASINI","isPartOf":{"@id":"https:\/\/www.therapiefamiliale-systemique.fr\/#website"},"primaryImageOfPage":{"@id":"https:\/\/www.therapiefamiliale-systemique.fr\/#primaryimage"},"image":{"@id":"https:\/\/www.therapiefamiliale-systemique.fr\/#primaryimage"},"thumbnailUrl":"https:\/\/www.therapiefamiliale-systemique.fr\/wp-content\/uploads\/2024\/11\/labyrinthe.jpeg","datePublished":"2024-11-14T14:17:55+00:00","dateModified":"2025-10-29T12:35:38+00:00","description":"Th\u00e9rapie familiale, de couple et intervention syst\u00e9mique \u00e0 Perpignan. Laurence Ravasini accompagne familles, institutions et professionnels.","breadcrumb":{"@id":"https:\/\/www.therapiefamiliale-systemique.fr\/#breadcrumb"},"inLanguage":"fr-FR","potentialAction":[{"@type":"ReadAction","target":["https:\/\/www.therapiefamiliale-systemique.fr\/"]}]},{"@type":"ImageObject","inLanguage":"fr-FR","@id":"https:\/\/www.therapiefamiliale-systemique.fr\/#primaryimage","url":"https:\/\/www.therapiefamiliale-systemique.fr\/wp-content\/uploads\/2024\/11\/labyrinthe.jpeg","contentUrl":"https:\/\/www.therapiefamiliale-systemique.fr\/wp-content\/uploads\/2024\/11\/labyrinthe.jpeg","width":1600,"height":914,"caption":"Labyrinthe"},{"@type":"BreadcrumbList","@id":"https:\/\/www.therapiefamiliale-systemique.fr\/#breadcrumb","itemListElement":[{"@type":"ListItem","position":1,"name":"Accueil","item":"https:\/\/www.therapiefamiliale-systemique.fr\/"},{"@type":"ListItem","position":2,"name":"Accueil"}]},{"@type":"WebSite","@id":"https:\/\/www.therapiefamiliale-systemique.fr\/#website","url":"https:\/\/www.therapiefamiliale-systemique.fr\/","name":"Laurence RAVASINI","description":"Th\u00e9rapeute familiale et du couple","publisher":{"@id":"https:\/\/www.therapiefamiliale-systemique.fr\/#organization"},"potentialAction":[{"@type":"SearchAction","target":{"@type":"EntryPoint","urlTemplate":"https:\/\/www.therapiefamiliale-systemique.fr\/?s={search_term_string}"},"query-input":{"@type":"PropertyValueSpecification","valueRequired":true,"valueName":"search_term_string"}}],"inLanguage":"fr-FR"},{"@type":"Organization","@id":"https:\/\/www.therapiefamiliale-systemique.fr\/#organization","name":"Laurence RAVASINI","url":"https:\/\/www.therapiefamiliale-systemique.fr\/","logo":{"@type":"ImageObject","inLanguage":"fr-FR","@id":"https:\/\/www.therapiefamiliale-systemique.fr\/#\/schema\/logo\/image\/","url":"https:\/\/www.therapiefamiliale-systemique.fr\/wp-content\/uploads\/2024\/10\/logo_180x180.png","contentUrl":"https:\/\/www.therapiefamiliale-systemique.fr\/wp-content\/uploads\/2024\/10\/logo_180x180.png","width":180,"height":181,"caption":"Laurence RAVASINI"},"image":{"@id":"https:\/\/www.therapiefamiliale-systemique.fr\/#\/schema\/logo\/image\/"}}]}},"_links":{"self":[{"href":"https:\/\/www.therapiefamiliale-systemique.fr\/index.php\/wp-json\/wp\/v2\/pages\/550","targetHints":{"allow":["GET"]}}],"collection":[{"href":"https:\/\/www.therapiefamiliale-systemique.fr\/index.php\/wp-json\/wp\/v2\/pages"}],"about":[{"href":"https:\/\/www.therapiefamiliale-systemique.fr\/index.php\/wp-json\/wp\/v2\/types\/page"}],"author":[{"embeddable":true,"href":"https:\/\/www.therapiefamiliale-systemique.fr\/index.php\/wp-json\/wp\/v2\/users\/1"}],"replies":[{"embeddable":true,"href":"https:\/\/www.therapiefamiliale-systemique.fr\/index.php\/wp-json\/wp\/v2\/comments?post=550"}],"version-history":[{"count":15,"href":"https:\/\/www.therapiefamiliale-systemique.fr\/index.php\/wp-json\/wp\/v2\/pages\/550\/revisions"}],"predecessor-version":[{"id":624,"href":"https:\/\/www.therapiefamiliale-systemique.fr\/index.php\/wp-json\/wp\/v2\/pages\/550\/revisions\/624"}],"wp:featuredmedia":[{"embeddable":true,"href":"https:\/\/www.therapiefamiliale-systemique.fr\/index.php\/wp-json\/wp\/v2\/media\/538"}],"wp:attachment":[{"href":"https:\/\/www.therapiefamiliale-systemique.fr\/index.php\/wp-json\/wp\/v2\/media?parent=550"}],"curies":[{"name":"wp","href":"https:\/\/api.w.org\/{rel}","templated":true}]}}