{"id":587,"date":"2024-11-14T16:06:48","date_gmt":"2024-11-14T15:06:48","guid":{"rendered":"https:\/\/www.therapiefamiliale-systemique.fr\/?page_id=587"},"modified":"2024-11-14T16:37:30","modified_gmt":"2024-11-14T15:37:30","slug":"tarifs","status":"publish","type":"page","link":"https:\/\/www.therapiefamiliale-systemique.fr\/index.php\/tarifs\/","title":{"rendered":"Tarifs"},"content":{"rendered":"\n<p>S\u00e9ance individuelle : 50\u20ac*<br>S\u00e9ance de couple : 70\u20ac*<br>S\u00e9ance de famille : 90\u20ac*<\/p>\n\n\n\n<p>Dur\u00e9e moyenne d&rsquo;une s\u00e9ance entre 60 et 90min.<br>Le r\u00e8glement s&rsquo;effectue \u00e0 la fin de la s\u00e9ance.<\/p>\n\n\n\n<p>N\u00b0 Siren : 934480591<\/p>\n\n\n\n<div class=\"wp-block-buttons is-layout-flex wp-block-buttons-is-layout-flex\">\n<div class=\"wp-block-button is-style-outline is-style-outline--1\"><a class=\"wp-block-button__link wp-element-button\" href=\"https:\/\/www.therapiefamiliale-systemique.fr\/index.php\/contact\/\">Demander un devis<\/a><\/div>\n<\/div>\n\n\n\n<p><\/p>\n\n\n\n<p>* : tarif modulable en fonction des ressources des personnes.<br><\/p>\n\n\n\n<p><\/p>\n","protected":false},"excerpt":{"rendered":"<p>S\u00e9ance individuelle : 50\u20ac*S\u00e9ance de couple : 70\u20ac*S\u00e9ance de famille : 90\u20ac* Dur\u00e9e moyenne d&rsquo;une s\u00e9ance entre 60 et 90min.Le r\u00e8glement s&rsquo;effectue \u00e0 la fin de la s\u00e9ance. N\u00b0 Siren &hellip; <\/p>\n","protected":false},"author":1,"featured_media":600,"parent":0,"menu_order":0,"comment_status":"closed","ping_status":"closed","template":"","meta":{"footnotes":""},"class_list":["post-587","page","type-page","status-publish","has-post-thumbnail","hentry"],"yoast_head":"<!-- This site is optimized with the Yoast SEO plugin v26.2 - https:\/\/yoast.com\/wordpress\/plugins\/seo\/ -->\n<title>Tarifs - Laurence RAVASINI<\/title>\n<meta name=\"robots\" content=\"index, follow, max-snippet:-1, max-image-preview:large, max-video-preview:-1\" \/>\n<link rel=\"canonical\" href=\"https:\/\/www.therapiefamiliale-systemique.fr\/index.php\/tarifs\/\" \/>\n<meta property=\"og:locale\" content=\"fr_FR\" \/>\n<meta property=\"og:type\" content=\"article\" \/>\n<meta property=\"og:title\" content=\"Tarifs - Laurence RAVASINI\" \/>\n<meta property=\"og:description\" content=\"S\u00e9ance individuelle : 50\u20ac*S\u00e9ance de couple : 70\u20ac*S\u00e9ance de famille : 90\u20ac* Dur\u00e9e moyenne d&rsquo;une s\u00e9ance entre 60 et 90min.Le r\u00e8glement s&rsquo;effectue \u00e0 la fin de la s\u00e9ance. N\u00b0 Siren &hellip;\" \/>\n<meta property=\"og:url\" content=\"https:\/\/www.therapiefamiliale-systemique.fr\/index.php\/tarifs\/\" \/>\n<meta property=\"og:site_name\" content=\"Laurence RAVASINI\" \/>\n<meta property=\"article:modified_time\" content=\"2024-11-14T15:37:30+00:00\" \/>\n<meta property=\"og:image\" content=\"https:\/\/www.therapiefamiliale-systemique.fr\/wp-content\/uploads\/2024\/11\/WhatsApp-Image-2024-11-14-at-14.35.11.jpeg\" \/>\n\t<meta property=\"og:image:width\" content=\"1600\" \/>\n\t<meta property=\"og:image:height\" content=\"914\" \/>\n\t<meta property=\"og:image:type\" content=\"image\/jpeg\" \/>\n<meta name=\"twitter:card\" content=\"summary_large_image\" \/>\n<script type=\"application\/ld+json\" class=\"yoast-schema-graph\">{\"@context\":\"https:\/\/schema.org\",\"@graph\":[{\"@type\":\"WebPage\",\"@id\":\"https:\/\/www.therapiefamiliale-systemique.fr\/index.php\/tarifs\/\",\"url\":\"https:\/\/www.therapiefamiliale-systemique.fr\/index.php\/tarifs\/\",\"name\":\"Tarifs - Laurence RAVASINI\",\"isPartOf\":{\"@id\":\"https:\/\/www.therapiefamiliale-systemique.fr\/#website\"},\"primaryImageOfPage\":{\"@id\":\"https:\/\/www.therapiefamiliale-systemique.fr\/index.php\/tarifs\/#primaryimage\"},\"image\":{\"@id\":\"https:\/\/www.therapiefamiliale-systemique.fr\/index.php\/tarifs\/#primaryimage\"},\"thumbnailUrl\":\"https:\/\/www.therapiefamiliale-systemique.fr\/wp-content\/uploads\/2024\/11\/WhatsApp-Image-2024-11-14-at-14.35.11.jpeg\",\"datePublished\":\"2024-11-14T15:06:48+00:00\",\"dateModified\":\"2024-11-14T15:37:30+00:00\",\"breadcrumb\":{\"@id\":\"https:\/\/www.therapiefamiliale-systemique.fr\/index.php\/tarifs\/#breadcrumb\"},\"inLanguage\":\"fr-FR\",\"potentialAction\":[{\"@type\":\"ReadAction\",\"target\":[\"https:\/\/www.therapiefamiliale-systemique.fr\/index.php\/tarifs\/\"]}]},{\"@type\":\"ImageObject\",\"inLanguage\":\"fr-FR\",\"@id\":\"https:\/\/www.therapiefamiliale-systemique.fr\/index.php\/tarifs\/#primaryimage\",\"url\":\"https:\/\/www.therapiefamiliale-systemique.fr\/wp-content\/uploads\/2024\/11\/WhatsApp-Image-2024-11-14-at-14.35.11.jpeg\",\"contentUrl\":\"https:\/\/www.therapiefamiliale-systemique.fr\/wp-content\/uploads\/2024\/11\/WhatsApp-Image-2024-11-14-at-14.35.11.jpeg\",\"width\":1600,\"height\":914},{\"@type\":\"BreadcrumbList\",\"@id\":\"https:\/\/www.therapiefamiliale-systemique.fr\/index.php\/tarifs\/#breadcrumb\",\"itemListElement\":[{\"@type\":\"ListItem\",\"position\":1,\"name\":\"Accueil\",\"item\":\"https:\/\/www.therapiefamiliale-systemique.fr\/\"},{\"@type\":\"ListItem\",\"position\":2,\"name\":\"Tarifs\"}]},{\"@type\":\"WebSite\",\"@id\":\"https:\/\/www.therapiefamiliale-systemique.fr\/#website\",\"url\":\"https:\/\/www.therapiefamiliale-systemique.fr\/\",\"name\":\"Laurence RAVASINI\",\"description\":\"Th\u00e9rapeute familiale et du couple\",\"publisher\":{\"@id\":\"https:\/\/www.therapiefamiliale-systemique.fr\/#organization\"},\"potentialAction\":[{\"@type\":\"SearchAction\",\"target\":{\"@type\":\"EntryPoint\",\"urlTemplate\":\"https:\/\/www.therapiefamiliale-systemique.fr\/?s={search_term_string}\"},\"query-input\":{\"@type\":\"PropertyValueSpecification\",\"valueRequired\":true,\"valueName\":\"search_term_string\"}}],\"inLanguage\":\"fr-FR\"},{\"@type\":\"Organization\",\"@id\":\"https:\/\/www.therapiefamiliale-systemique.fr\/#organization\",\"name\":\"Laurence RAVASINI\",\"url\":\"https:\/\/www.therapiefamiliale-systemique.fr\/\",\"logo\":{\"@type\":\"ImageObject\",\"inLanguage\":\"fr-FR\",\"@id\":\"https:\/\/www.therapiefamiliale-systemique.fr\/#\/schema\/logo\/image\/\",\"url\":\"https:\/\/www.therapiefamiliale-systemique.fr\/wp-content\/uploads\/2024\/10\/logo_180x180.png\",\"contentUrl\":\"https:\/\/www.therapiefamiliale-systemique.fr\/wp-content\/uploads\/2024\/10\/logo_180x180.png\",\"width\":180,\"height\":181,\"caption\":\"Laurence RAVASINI\"},\"image\":{\"@id\":\"https:\/\/www.therapiefamiliale-systemique.fr\/#\/schema\/logo\/image\/\"}}]}<\/script>\n<!-- \/ Yoast SEO plugin. -->","yoast_head_json":{"title":"Tarifs - Laurence RAVASINI","robots":{"index":"index","follow":"follow","max-snippet":"max-snippet:-1","max-image-preview":"max-image-preview:large","max-video-preview":"max-video-preview:-1"},"canonical":"https:\/\/www.therapiefamiliale-systemique.fr\/index.php\/tarifs\/","og_locale":"fr_FR","og_type":"article","og_title":"Tarifs - Laurence RAVASINI","og_description":"S\u00e9ance individuelle : 50\u20ac*S\u00e9ance de couple : 70\u20ac*S\u00e9ance de famille : 90\u20ac* Dur\u00e9e moyenne d&rsquo;une s\u00e9ance entre 60 et 90min.Le r\u00e8glement s&rsquo;effectue \u00e0 la fin de la s\u00e9ance. N\u00b0 Siren &hellip;","og_url":"https:\/\/www.therapiefamiliale-systemique.fr\/index.php\/tarifs\/","og_site_name":"Laurence RAVASINI","article_modified_time":"2024-11-14T15:37:30+00:00","og_image":[{"width":1600,"height":914,"url":"https:\/\/www.therapiefamiliale-systemique.fr\/wp-content\/uploads\/2024\/11\/WhatsApp-Image-2024-11-14-at-14.35.11.jpeg","type":"image\/jpeg"}],"twitter_card":"summary_large_image","schema":{"@context":"https:\/\/schema.org","@graph":[{"@type":"WebPage","@id":"https:\/\/www.therapiefamiliale-systemique.fr\/index.php\/tarifs\/","url":"https:\/\/www.therapiefamiliale-systemique.fr\/index.php\/tarifs\/","name":"Tarifs - Laurence RAVASINI","isPartOf":{"@id":"https:\/\/www.therapiefamiliale-systemique.fr\/#website"},"primaryImageOfPage":{"@id":"https:\/\/www.therapiefamiliale-systemique.fr\/index.php\/tarifs\/#primaryimage"},"image":{"@id":"https:\/\/www.therapiefamiliale-systemique.fr\/index.php\/tarifs\/#primaryimage"},"thumbnailUrl":"https:\/\/www.therapiefamiliale-systemique.fr\/wp-content\/uploads\/2024\/11\/WhatsApp-Image-2024-11-14-at-14.35.11.jpeg","datePublished":"2024-11-14T15:06:48+00:00","dateModified":"2024-11-14T15:37:30+00:00","breadcrumb":{"@id":"https:\/\/www.therapiefamiliale-systemique.fr\/index.php\/tarifs\/#breadcrumb"},"inLanguage":"fr-FR","potentialAction":[{"@type":"ReadAction","target":["https:\/\/www.therapiefamiliale-systemique.fr\/index.php\/tarifs\/"]}]},{"@type":"ImageObject","inLanguage":"fr-FR","@id":"https:\/\/www.therapiefamiliale-systemique.fr\/index.php\/tarifs\/#primaryimage","url":"https:\/\/www.therapiefamiliale-systemique.fr\/wp-content\/uploads\/2024\/11\/WhatsApp-Image-2024-11-14-at-14.35.11.jpeg","contentUrl":"https:\/\/www.therapiefamiliale-systemique.fr\/wp-content\/uploads\/2024\/11\/WhatsApp-Image-2024-11-14-at-14.35.11.jpeg","width":1600,"height":914},{"@type":"BreadcrumbList","@id":"https:\/\/www.therapiefamiliale-systemique.fr\/index.php\/tarifs\/#breadcrumb","itemListElement":[{"@type":"ListItem","position":1,"name":"Accueil","item":"https:\/\/www.therapiefamiliale-systemique.fr\/"},{"@type":"ListItem","position":2,"name":"Tarifs"}]},{"@type":"WebSite","@id":"https:\/\/www.therapiefamiliale-systemique.fr\/#website","url":"https:\/\/www.therapiefamiliale-systemique.fr\/","name":"Laurence RAVASINI","description":"Th\u00e9rapeute familiale et du couple","publisher":{"@id":"https:\/\/www.therapiefamiliale-systemique.fr\/#organization"},"potentialAction":[{"@type":"SearchAction","target":{"@type":"EntryPoint","urlTemplate":"https:\/\/www.therapiefamiliale-systemique.fr\/?s={search_term_string}"},"query-input":{"@type":"PropertyValueSpecification","valueRequired":true,"valueName":"search_term_string"}}],"inLanguage":"fr-FR"},{"@type":"Organization","@id":"https:\/\/www.therapiefamiliale-systemique.fr\/#organization","name":"Laurence RAVASINI","url":"https:\/\/www.therapiefamiliale-systemique.fr\/","logo":{"@type":"ImageObject","inLanguage":"fr-FR","@id":"https:\/\/www.therapiefamiliale-systemique.fr\/#\/schema\/logo\/image\/","url":"https:\/\/www.therapiefamiliale-systemique.fr\/wp-content\/uploads\/2024\/10\/logo_180x180.png","contentUrl":"https:\/\/www.therapiefamiliale-systemique.fr\/wp-content\/uploads\/2024\/10\/logo_180x180.png","width":180,"height":181,"caption":"Laurence RAVASINI"},"image":{"@id":"https:\/\/www.therapiefamiliale-systemique.fr\/#\/schema\/logo\/image\/"}}]}},"_links":{"self":[{"href":"https:\/\/www.therapiefamiliale-systemique.fr\/index.php\/wp-json\/wp\/v2\/pages\/587","targetHints":{"allow":["GET"]}}],"collection":[{"href":"https:\/\/www.therapiefamiliale-systemique.fr\/index.php\/wp-json\/wp\/v2\/pages"}],"about":[{"href":"https:\/\/www.therapiefamiliale-systemique.fr\/index.php\/wp-json\/wp\/v2\/types\/page"}],"author":[{"embeddable":true,"href":"https:\/\/www.therapiefamiliale-systemique.fr\/index.php\/wp-json\/wp\/v2\/users\/1"}],"replies":[{"embeddable":true,"href":"https:\/\/www.therapiefamiliale-systemique.fr\/index.php\/wp-json\/wp\/v2\/comments?post=587"}],"version-history":[{"count":7,"href":"https:\/\/www.therapiefamiliale-systemique.fr\/index.php\/wp-json\/wp\/v2\/pages\/587\/revisions"}],"predecessor-version":[{"id":597,"href":"https:\/\/www.therapiefamiliale-systemique.fr\/index.php\/wp-json\/wp\/v2\/pages\/587\/revisions\/597"}],"wp:featuredmedia":[{"embeddable":true,"href":"https:\/\/www.therapiefamiliale-systemique.fr\/index.php\/wp-json\/wp\/v2\/media\/600"}],"wp:attachment":[{"href":"https:\/\/www.therapiefamiliale-systemique.fr\/index.php\/wp-json\/wp\/v2\/media?parent=587"}],"curies":[{"name":"wp","href":"https:\/\/api.w.org\/{rel}","templated":true}]}}